{"id":1103,"date":"2026-04-29T11:17:14","date_gmt":"2026-04-29T08:17:14","guid":{"rendered":"https:\/\/cyberpoliticsconference.org\/?page_id=1103"},"modified":"2026-04-29T11:19:14","modified_gmt":"2026-04-29T08:19:14","slug":"insan-haklari-eitimi-dernegi-ihed","status":"publish","type":"page","link":"https:\/\/cyberpoliticsconference.org\/index.php\/insan-haklari-eitimi-dernegi-ihed\/","title":{"rendered":"\u0130HED Genel Kurul \u00c7a\u011fr\u0131 Metni"},"content":{"rendered":"\n<p><strong>Genel Kurul \u00c7a\u011fr\u0131 Metni<\/strong><\/p>\n\n\n\n<p><strong>\u0130NSAN HAKLARI E\u0130T\u0130M\u0130 DERNE\u011e\u0130 (\u0130HED)<\/strong><\/p>\n\n\n\n<p><strong>GENEL KURUL TOPLANTI \u00c7A\u011eRISI<\/strong><\/p>\n\n\n\n<p>De\u011ferli \u00dcyemiz,<\/p>\n\n\n\n<p>Derne\u011fimizin 2026 y\u0131l\u0131 ola\u011fan genel kurul toplant\u0131s\u0131, y\u00f6netim kurulumuzun 14.04.2026 tarih ve 02 say\u0131l\u0131 karar\u0131 do\u011frultusunda a\u015fa\u011f\u0131daki \u015fekilde ger\u00e7ekle\u015ftirilecektir:<\/p>\n\n\n\n<p><strong>1. Toplant\u0131:<\/strong><br>Tarih: 29 \/ 04 \/ 2026<br>Saat: 14.00<br>Yer: Orion Yay\u0131nlar\u0131 Toplant\u0131 Salonu &#8211; <strong>&nbsp;<\/strong><\/p>\n\n\n\n<p>Hacettepe, \u00d6ks\u00fczler Sk. No:30, 06230 Alt\u0131nda\u011f\/Ankara<\/p>\n\n\n\n<p>\u00c7o\u011funluk sa\u011flanamamas\u0131 halinde;<\/p>\n\n\n\n<p><strong>2. Toplant\u0131:<\/strong><br>Tarih: 23 \/ 06 \/ 2026<br>Saat: 14<br>Yer: Orion Yay\u0131nlar\u0131 Toplant\u0131 Salonu &#8211; <strong>&nbsp;<\/strong><\/p>\n\n\n\n<p>Hacettepe, \u00d6ks\u00fczler Sk. No:30, 06230 Alt\u0131nda\u011f\/Ankara<\/p>\n\n\n\n<p>(\u0130kinci toplant\u0131da \u00e7o\u011funluk \u015fart\u0131 aranmayacakt\u0131r.)<\/p>\n\n\n\n<p><strong>G\u00fcndem:<\/strong><\/p>\n\n\n\n<ol class=\"wp-block-list\">\n<li>A\u00e7\u0131l\u0131\u015f ve yoklama<\/li>\n\n\n\n<li>Divan heyetinin se\u00e7imi<\/li>\n\n\n\n<li>Sayg\u0131 duru\u015fu ve \u0130stiklal Mar\u015f\u0131<\/li>\n\n\n\n<li>Y\u00f6netim kurulu faaliyet raporunun okunmas\u0131 ve g\u00f6r\u00fc\u015f\u00fclmesi<\/li>\n\n\n\n<li>Denetim kurulu raporunun okunmas\u0131 ve g\u00f6r\u00fc\u015f\u00fclmesi<\/li>\n\n\n\n<li>Y\u00f6netim kurulunun ibra edilmesi<\/li>\n\n\n\n<li>Denetim kurulunun ibra edilmesi<\/li>\n\n\n\n<li>Yeni d\u00f6nem y\u00f6netim ve denetim kurullar\u0131n\u0131n se\u00e7imi<\/li>\n\n\n\n<li>Dilek ve temenniler<\/li>\n\n\n\n<li>Kapan\u0131\u015f<\/li>\n<\/ol>\n\n\n\n<p>Kat\u0131l\u0131m\u0131n\u0131z\u0131 rica ederiz.<\/p>\n\n\n\n<p>Sayg\u0131lar\u0131m\u0131zla,<br><strong>Y\u00f6netim Kurulu<\/strong><\/p>\n","protected":false},"excerpt":{"rendered":"<p>Genel Kurul \u00c7a\u011fr\u0131 Metni \u0130NSAN HAKLARI E\u0130T\u0130M\u0130 DERNE\u011e\u0130 (\u0130HED) GENEL KURUL TOPLANTI \u00c7A\u011eRISI De\u011ferli \u00dcyemiz, Derne\u011fimizin 2026 y\u0131l\u0131 ola\u011fan genel kurul toplant\u0131s\u0131, y\u00f6netim kurulumuzun 14.04.2026 tarih ve 02 say\u0131l\u0131 karar\u0131 do\u011frultusunda a\u015fa\u011f\u0131daki \u015fekilde ger\u00e7ekle\u015ftirilecektir: 1. Toplant\u0131:Tarih: 29 \/ 04 \/&hellip; <\/p>\n","protected":false},"author":3,"featured_media":0,"parent":0,"menu_order":0,"comment_status":"closed","ping_status":"closed","template":"","meta":{"footnotes":""},"class_list":["post-1103","page","type-page","status-publish","hentry"],"_links":{"self":[{"href":"https:\/\/cyberpoliticsconference.org\/index.php\/wp-json\/wp\/v2\/pages\/1103","targetHints":{"allow":["GET"]}}],"collection":[{"href":"https:\/\/cyberpoliticsconference.org\/index.php\/wp-json\/wp\/v2\/pages"}],"about":[{"href":"https:\/\/cyberpoliticsconference.org\/index.php\/wp-json\/wp\/v2\/types\/page"}],"author":[{"embeddable":true,"href":"https:\/\/cyberpoliticsconference.org\/index.php\/wp-json\/wp\/v2\/users\/3"}],"replies":[{"embeddable":true,"href":"https:\/\/cyberpoliticsconference.org\/index.php\/wp-json\/wp\/v2\/comments?post=1103"}],"version-history":[{"count":2,"href":"https:\/\/cyberpoliticsconference.org\/index.php\/wp-json\/wp\/v2\/pages\/1103\/revisions"}],"predecessor-version":[{"id":1106,"href":"https:\/\/cyberpoliticsconference.org\/index.php\/wp-json\/wp\/v2\/pages\/1103\/revisions\/1106"}],"wp:attachment":[{"href":"https:\/\/cyberpoliticsconference.org\/index.php\/wp-json\/wp\/v2\/media?parent=1103"}],"curies":[{"name":"wp","href":"https:\/\/api.w.org\/{rel}","templated":true}]}}